 the greatest common divisor of 88 and 108073496?
8
Calculate the highest common factor of 1558686480 and 816.
816
What is the highest common factor of 73555 and 842005?
235
Calculate the greatest common divisor of 7926 and 320568.
6
Calculate the greatest common divisor of 12738015 and 1105.
85
What is the highest common divisor of 22217575 and 37?
37
What is the greatest common divisor of 4815802 and 64179?
2377
Calculate the highest common divisor of 36724 and 4572.
4
What is the highest common factor of 3 and 8265831?
3
Calculate the greatest common factor of 4572 and 25781076.
36
What is the highest common factor of 3305 and 29539429?
661
Calculate the greatest common factor of 466349 and 7540.
377
Calculate the greatest common factor of 2739 and 1164273.
33
What is the greatest common divisor of 150 and 18556800?
150
What is the greatest common divisor of 185913500 and 1000?
500
Calculate the highest common divisor of 9999 and 4491369.
909
What is the highest common factor of 733 and 87927748?
733
Calculate the greatest common divisor of 13054455 and 5175.
1035
Calculate the highest common divisor of 8990 and 112995.
155
What is the greatest common factor of 2062059 and 16080?
201
What is the greatest common divisor of 1190 and 1324050?
70
Calculate the highest common factor of 176567 and 1919.
19
What is the highest common divisor of 597254 and 27713?
259
Calculate the greatest common divisor of 762 and 39808277.
127
Calculate the greatest common divisor of 696 and 6181092.
12
What is the highest common divisor of 2486519 and 2458383?
3517
Calculate the greatest common factor of 618 and 1470759248.
206
What is the greatest common divisor of 6120 and 868027140?
3060
Calculate the highest common factor of 283766 and 2954.
14
Calculate the highest common divisor of 5610 and 1360590.
330
Calculate the highest common divisor of 1575418 and 8374.
158
Calculate the greatest common divisor of 432 and 185433.
3
Calculate the greatest common divisor of 66 and 24933.
3
Calculate the highest common divisor of 81150134 and 598.
26
Calculate the highest common divisor of 39 and 5391778197.
39
Calculate the highest common divisor of 262544603 and 19.
19
Calculate the highest common divisor of 188 and 2506134.
94
What is the highest common divisor of 618 and 3624922878?
618
What is the greatest common divisor of 25710 and 1999160?
10
What is the greatest common divisor of 48 and 2188048?
16
Calculate the greatest common factor of 23735005 and 803915.
7805
What is the highest common factor of 195156 and 1614902?
278
Calculate the greatest common divisor of 293873736 and 312.
312
What is the greatest common divisor of 11264 and 195096?
88
Calculate the highest common divisor of 1899745 and 485.
485
What is the highest common factor of 1046235 and 251598?
57
Calculate the highest common divisor of 16 and 11371754.
2
What is the highest common factor of 332 and 7444100?
4
Calculate the greatest common factor of 724189 and 216875.
347
What is the greatest common divisor of 227 and 9449329?
227
What is the highest common factor of 1079 and 84768149?
83
Calculate the highest common factor of 121952 and 7232.
32
Calculate the greatest common factor of 35219 and 2173.
41
What is the highest common divisor of 5586 and 529302?
114
What is the greatest common divisor of 200403 and 33263717?
3181
Calculate the highest common factor of 7 and 29983401.
7
Calculate the greatest common factor of 93280 and 27896.
88
What is the greatest common factor of 2229 and 54163957?
743
What is the highest common factor of 173 and 15562907?
173
Calculate the highest common divisor of 194120 and 103638.
46
Calculate the highest common divisor of 678477276 and 1224.
612
Calculate the greatest common divisor of 1134 and 369880.
14
What is the greatest common divisor of 23576 and 4761232?
56
Calculate the highest common factor of 649 and 3687497.
11
What is the greatest common factor of 797 and 1651190329?
797
Calculate the highest common factor of 453501 and 1817325.
369
What is the highest common divisor of 104 and 549688?
8
What is the highest common divisor of 59698951 and 104?
13
Calculate the greatest common divisor of 120788740 and 8500.
340
Calculate the greatest common factor of 99 and 10525299.
3
Calculate the highest common divisor of 100 and 815044450.
50
Calculate the highest common divisor of 422149 and 25806757.
4639
Calculate the greatest common factor of 17744 and 644.
4
Calculate the greatest common factor of 34091119 and 151.
151
What is the greatest common divisor of 5688 and 24050997?
711
What is the greatest common divisor of 78258912 and 96?
96
Calculate the greatest common factor of 46413297 and 2322.
1161
What is the greatest common factor of 15136 and 2464?
352
What is the greatest common divisor of 196 and 125404104?
28
Calculate the highest common factor of 77071789 and 131944.
16493
Calculate the highest common factor of 2545120 and 900.
20
What is the greatest common factor of 628 and 19069?
1
What is the greatest common divisor of 1264315 and 372060?
3445
What is the greatest common factor of 24573504 and 27?
3
Calculate the highest common factor of 46009235 and 4355.
335
Calculate the highest common factor of 2560 and 6955140.
20
Calculate the highest common divisor of 300 and 14783500.
100
What is the greatest common factor of 590074308 and 18?
18
What is the highest common factor of 138 and 44039802?
138
Calculate the greatest common factor of 7565984 and 149384.
2104
Calculate the greatest common divisor of 14416 and 3496951.
17
What is the highest common factor of 33320 and 710?
10
What is the highest common divisor of 32706 and 335754?
414
What is the greatest common divisor of 9000 and 632250?
2250
What is the highest common factor of 48194676 and 108?
108
Calculate the highest common divisor of 323688919 and 167.
167
Calculate the greatest common divisor of 220797 and 5043.
3
Calculate the greatest common factor of 1346653 and 112.
7
Calculate the highest common divisor of 8247789 and 99.
99
What is the highest common factor of 330365 and 23380?
35
What is the highest common factor of 301 and 1260073591?
301
Calculate the greatest common divisor of 6132456 and 408.
24
What is the greatest common factor of 56917140 and 2784?
348
Calculate the greatest common factor of 13227135 and 2850.
285
Calculate the highest common divisor of 43506 and 8080031.
2417
Calculate the greatest common divisor of 2235290 and 130.
10
Calculate the greatest common factor of 754159809 and 26.
13
What is the greatest common factor of 96 and 4211776?
32
Calculate the greatest common divisor of 33 and 13448842.
11
Calculate the greatest common divisor of 210673 and 31133.
191
Calculate the highest common divisor of 16 and 5058748.
4
What is the greatest common factor of 8453322 and 360?
18
What is the highest common divisor of 2221 and 639701304?
2221
Calculate the highest common divisor of 5671960 and 21504.
56
What is the highest common factor of 43555100 and 290?
290
What is the highest common divisor of 21 and 83594?
7
Calculate the greatest common factor of 56 and 4275448.
8
What is the greatest common factor of 1055 and 71097505?
1055
What is the greatest common divisor of 44457 and 310396?
73
What is the highest common divisor of 23199 and 262071?
111
Calculate the greatest common factor of 1625 and 29165875.
125
Calculate the highest common factor of 47329611 and 3642.
1821
What is the highest common divisor of 1054156 and 7807?
211
Calculate the greatest common divisor of 33 and 1119247503.
33
Calculate the greatest common divisor of 128880 and 36208.
16
What is the highest common factor of 1992 and 7043048?
664
What is the highest common factor of 233 and 46212521?
233
What is the highest common factor of 12374771 and 517?
47
What is the highest common factor of 72113132 and 3952?
988
Calculate the greatest common factor of 380 and 20712240.
20
Calculate the greatest common divisor of 439230 and 330.
330
Calculate the highest common factor of 495 and 136852551.
99
What is the greatest common factor of 900243 and 41400?
207
What is the highest common divisor of 233619450 and 103?
103
Calculate the greatest common factor of 28850095 and 54811.
929
What is the 